{"id":787,"date":"2013-08-19T20:42:17","date_gmt":"2013-08-19T20:42:17","guid":{"rendered":"https:\/\/lmsr.is\/?page_id=787"},"modified":"2013-10-02T11:36:02","modified_gmt":"2013-10-02T11:36:02","slug":"baetur-vegna-likamstjons","status":"publish","type":"page","link":"https:\/\/lmsr.is\/?page_id=787","title":{"rendered":"B\u00e6tur vegna l\u00edkamstj\u00f3ns"},"content":{"rendered":"<div class=\"tf-flash-messages\"><\/div>\n<p><script type=\"text\/javascript\">\/\/ <![CDATA[\n  var _gaq = _gaq || [];\n  _gaq.push(['_setAccount', 'UA-44543204-1']);\n  _gaq.push(['_trackPageview']);\n\n  (function() {\n    var ga = document.createElement('script'); ga.type = 'text\/javascript'; ga.async = true;\n    ga.src = ('https:' == document.location.protocol ? 'https:\/\/ssl' : 'http:\/\/www') + '.google-analytics.com\/ga.js';\n    var s = document.getElementsByTagName('script')[0]; s.parentNode.insertBefore(ga, s);\n  })();\n\/\/ ]]><\/script><br \/>\nL\u00edkamstj\u00f3n getur hvorugtveggja veri\u00f0 l\u00edkamleg mei\u00f0sl sem og ska\u00f0ab\u00f3taskydur andlegur e\u00f0a ge\u00f0r\u00e6nn ska\u00f0i. Dau\u00f0i getur \u00ed sumum tilvikum veri\u00f0 b\u00f3taskylt l\u00edkamstj\u00f3n sem og veikindi ef ors\u00f6kin er ska\u00f0ab\u00f3taskyld h\u00e1ttsemi.<\/p>\n<p>\u00deegar slys ber a\u00f0 h\u00f6ndum m\u00e6tir tj\u00f3n\u00feolanum oft frumsk\u00f3gur reglna og fj\u00f6ldinn allur af \u201e\u00fer\u00f6skuldum\u201c sem oft vir\u00f0ast \u00f3yfirst\u00edganlegir. \u00cd flestum tilvikum er ekki einfalt a\u00f0 s\u00e6kja r\u00e9ttm\u00e6tar fj\u00e1rhagslegar b\u00e6tur auk \u00feess sem m\u00e1lsreksturinn tekur langan t\u00edma.<\/p>\n<p>Hugt\u00f6k eins og slys, varanleg \u00f6rorka, slysab\u00e6tur, t\u00edmabundi\u00f0 atvinnutj\u00f3n, \u00fej\u00e1ningarb\u00e6tur, miski, sj\u00fakrakostna\u00f0ur og anna\u00f0 fj\u00e1rtj\u00f3n eru \u00ed einf\u00f6ld \u00ed hugum flestra en \u00feegar n\u00e1nar er sko\u00f0a\u00f0 kemur \u00ed lj\u00f3s a\u00f0 fl\u00f3knara reynist a\u00f0 greina \u00feessi hugt\u00f6k og uppfylla \u00feau skilyr\u00f0i sem \u00ed \u00feeim felast.<\/p>\n<p>G\u00f3\u00f0 \u00feekking \u00e1 reglum ska\u00f0ab\u00f3tar\u00e9ttar, vinnur\u00e9ttar, v\u00e1tryggingar\u00e9ttar og almannatryggingar\u00e9ttar er nau\u00f0synleg til a\u00f0 tryggja tj\u00f3n\u00feolum r\u00e9ttm\u00e6tar fj\u00e1rhagslegar b\u00e6tur. Mikilv\u00e6gt er a\u00f0 tj\u00f3n\u00feolar leiti strax r\u00e1\u00f0gjafar hj\u00e1 l\u00f6gfr\u00e6\u00f0imenntu\u00f0um einstaklingum, l\u00f6gfr\u00e6\u00f0ingum e\u00f0a l\u00f6gm\u00f6nnum.<\/p>\n<p>L\u00f6gmannsstofa Reykjaness veitir tj\u00f3n\u00feolum greinarg\u00f3\u00f0a r\u00e1\u00f0gj\u00f6f og er til rei\u00f0u b\u00fai\u00f0 a\u00f0 annast rekstur b\u00f3tam\u00e1la fyrir h\u00f6nd tj\u00f3n\u00feola e\u00f0a a\u00f0standenda \u00feeirra. Mikilv\u00e6gt er a\u00f0 tj\u00f3n\u00feolar haldi strax utan um alla reikninga vegna kostna\u00f0ar sem rekja m\u00e1 beint til aflei\u00f0inga tj\u00f3nsatbur\u00f0ar.<\/p>\n","protected":false},"excerpt":{"rendered":"<p>L\u00edkamstj\u00f3n getur hvorugtveggja veri\u00f0 l\u00edkamleg mei\u00f0sl sem og ska\u00f0ab\u00f3taskydur andlegur e\u00f0a ge\u00f0r\u00e6nn ska\u00f0i. Dau\u00f0i getur \u00ed sumum tilvikum veri\u00f0 b\u00f3taskylt l\u00edkamstj\u00f3n sem og veikindi ef ors\u00f6kin er ska\u00f0ab\u00f3taskyld h\u00e1ttsemi. \u00deegar slys ber a\u00f0 h\u00f6ndum m\u00e6tir tj\u00f3n\u00feolanum oft frumsk\u00f3gur reglna og fj\u00f6ldinn allur af \u201e\u00fer\u00f6skuldum\u201c sem oft vir\u00f0ast \u00f3yfirst\u00edganlegir. \u00cd flestum tilvikum er ekki einfalt a\u00f0.<\/p>\n","protected":false},"author":1,"featured_media":0,"parent":0,"menu_order":0,"comment_status":"closed","ping_status":"closed","template":"","meta":[],"_links":{"self":[{"href":"https:\/\/lmsr.is\/index.php?rest_route=\/wp\/v2\/pages\/787"}],"collection":[{"href":"https:\/\/lmsr.is\/index.php?rest_route=\/wp\/v2\/pages"}],"about":[{"href":"https:\/\/lmsr.is\/index.php?rest_route=\/wp\/v2\/types\/page"}],"author":[{"embeddable":true,"href":"https:\/\/lmsr.is\/index.php?rest_route=\/wp\/v2\/users\/1"}],"replies":[{"embeddable":true,"href":"https:\/\/lmsr.is\/index.php?rest_route=%2Fwp%2Fv2%2Fcomments&post=787"}],"version-history":[{"count":2,"href":"https:\/\/lmsr.is\/index.php?rest_route=\/wp\/v2\/pages\/787\/revisions"}],"predecessor-version":[{"id":941,"href":"https:\/\/lmsr.is\/index.php?rest_route=\/wp\/v2\/pages\/787\/revisions\/941"}],"wp:attachment":[{"href":"https:\/\/lmsr.is\/index.php?rest_route=%2Fwp%2Fv2%2Fmedia&parent=787"}],"curies":[{"name":"wp","href":"https:\/\/api.w.org\/{rel}","templated":true}]}}