{"id":796,"date":"2013-08-19T21:12:47","date_gmt":"2013-08-19T21:12:47","guid":{"rendered":"https:\/\/lmsr.is\/?page_id=796"},"modified":"2013-10-02T11:39:24","modified_gmt":"2013-10-02T11:39:24","slug":"malaflokkar","status":"publish","type":"page","link":"https:\/\/lmsr.is\/?page_id=796","title":{"rendered":"M\u00e1laflokkar"},"content":{"rendered":"<div class=\"tf-flash-messages\"><\/div>\n<p><script type=\"text\/javascript\"><\/p>\n<p>  var _gaq = _gaq || [];\n  _gaq.push(['_setAccount', 'UA-44543204-1']);\n  _gaq.push(['_trackPageview']);<\/p>\n<p>  (function() {\n    var ga = document.createElement('script'); ga.type = 'text\/javascript'; ga.async = true;\n    ga.src = ('https:' == document.location.protocol ? 'https:\/\/ssl' : 'http:\/\/www') + '.google-analytics.com\/ga.js';\n    var s = document.getElementsByTagName('script')[0]; s.parentNode.insertBefore(ga, s);\n  })();<\/p>\n<p><\/script><br \/>\nL\u00f6gmannsstofa Reykjaness er tekur a\u00f0 s\u00e9r allan m\u00e1larekstur einstaklinga, fyrirt\u00e6kja, stofnana og f\u00e9lagasamtaka fyrir h\u00e9ra\u00f0sd\u00f3mum landsins e\u00f0a ger\u00f0ard\u00f3mst\u00f3lum. LMSR tekur m.a. a\u00f0 s\u00e9r verkefni \u00e1 eftirfarandi svi\u00f0um l\u00f6gfr\u00e6\u00f0innar:<\/p>\n<p>&nbsp;<\/p>\n<ul>\n<li><strong>I. \u00a0\u00c1 svi\u00f0i fj\u00f6lskyldu- og erf\u00f0ar\u00e9ttar<\/strong><\/li>\n<li>\u00a0 \u00a0 \u00a0R\u00e1\u00f0gj\u00f6f<\/li>\n<li>\u00a0 \u00a0 \u00a0S\u00e1ttami\u00f0lun<\/li>\n<li>\u00a0 \u00a0 \u00a0Ger\u00f0 kaupm\u00e1la fyrir stofnun hj\u00faskapar<\/li>\n<li>\u00a0 \u00a0 \u00a0Ger\u00f0 kaupm\u00e1la eftir stofnun hj\u00faskapar<\/li>\n<li>\u00a0 \u00a0 \u00a0Hj\u00faskaparslit \u2013 b\u00faskipti<\/li>\n<li>\u00a0 \u00a0 \u00a0Hj\u00faskaparslit \u2013 forsj\u00e1 barna<\/li>\n<li>\u00a0 \u00a0 \u00a0Hj\u00faskaparslit \u2013 umgengisr\u00e9ttur foreldra<\/li>\n<li>\u00a0 \u00a0 \u00a0Samningar samb\u00fa\u00f0arf\u00f3lks<\/li>\n<li>\u00a0 \u00a0 \u00a0Samb\u00fa\u00f0arslit (\u00f3v\u00edg\u00f0 samb\u00fa\u00f0) \u2013 fj\u00e1rskipti<\/li>\n<li>\u00a0 \u00a0 \u00a0Fa\u00f0ernism\u00e1l<\/li>\n<li>\u00a0 \u00a0 \u00a0Barnaverndarm\u00e1l<\/li>\n<li>\u00a0 \u00a0 \u00a0Ger\u00f0 erf\u00f0askr\u00e1a<\/li>\n<li>\u00a0 \u00a0 \u00a0Skipti d\u00e1narb\u00faa<\/li>\n<\/ul>\n<p>&nbsp;<\/p>\n<ul>\n<li><strong>II. \u00c1 svi\u00f0i sakam\u00e1lar\u00e9ttar<\/strong><\/li>\n<li>\u00a0 \u00a0 \u00a0R\u00e9ttarg\u00e6sla fyrir \u00feolendur afbrota<\/li>\n<li>\u00a0 \u00a0 \u00a0Verjendast\u00f6rf fyrir saka\u00f0a<\/li>\n<li>\u00a0 \u00a0 \u00a0Ger\u00f0 b\u00f3takrafna \u00ed sakam\u00e1lum<\/li>\n<\/ul>\n<p>&nbsp;<\/p>\n<ul>\n<li><strong>III. \u00c1 svi\u00f0i pers\u00f3nur\u00e9ttar einstaklinga<\/strong><\/li>\n<li>\u00a0 \u00a0 \u00a0R\u00e1\u00f0gj\u00f6f<\/li>\n<li>\u00a0 \u00a0 \u00a0Pers\u00f3nuvernd<\/li>\n<li>\u00a0 \u00a0 \u00a0B\u00f3tar\u00e9ttur vegna l\u00edkamstj\u00f3ns<\/li>\n<li>\u00a0 \u00a0 \u00a0Almannatryggingar\u00e9ttur<\/li>\n<li>\u00a0 \u00a0 \u00a0V\u00e1tryggingar\u00e9ttur<\/li>\n<li>\u00a0 \u00a0 \u00a0Vinnur\u00e9ttur<\/li>\n<li>\u00a0 \u00a0 \u00a0Neytendar\u00e9ttur<\/li>\n<li>\u00a0 \u00a0 \u00a0Skattar\u00e9ttur<\/li>\n<li>\u00a0 \u00a0 \u00a0Fj\u00e1rmunar\u00e9ttur<\/li>\n<li>\u00a0 \u00a0 \u00a0L\u00f6gr\u00e6\u00f0i \u2013 l\u00f6gr\u00e6\u00f0issviptingar<\/li>\n<li>\u00a0 \u00a0 \u00a0Fj\u00e1rr\u00e6\u00f0i \u2013 fj\u00e1rr\u00e6\u00f0issviptingar<\/li>\n<\/ul>\n<p>&nbsp;<\/p>\n<ul>\n<li><strong>IV. \u00c1 svi\u00f0i fyrirt\u00e6kjar\u00e9ttar, f\u00e9laga- og fj\u00e1rmunar\u00e9ttar<\/strong><\/li>\n<li>\u00a0 \u00a0 \u00a0R\u00e1\u00f0gj\u00f6f<\/li>\n<li>\u00a0 \u00a0 \u00a0L\u00f6gfr\u00e6\u00f0ilegar \u00e1litsger\u00f0ir<\/li>\n<li>\u00a0 \u00a0 \u00a0Stofnun og slit fyrirt\u00e6kja og f\u00e9lagasamtaka<\/li>\n<li>\u00a0 \u00a0 \u00a0Stj\u00f3rnh\u00e6ttir fyrirt\u00e6kja og f\u00e9lagasamtaka<\/li>\n<li>\u00a0 \u00a0 \u00a0Rekstur m\u00e1la hj\u00e1 stj\u00f3rnv\u00f6ldum (stj\u00f3rns\u00fdslur\u00e9ttur)<\/li>\n<li>\u00a0 \u00a0 \u00a0Samningager\u00f0 milli fyrirt\u00e6kja og milli fyrirt\u00e6kja og neytenda<\/li>\n<li>\u00a0 \u00a0 \u00a0Skattar og fyrirt\u00e6ki<\/li>\n<li>\u00a0 \u00a0 \u00a0Samrunar og yfirt\u00f6kur<\/li>\n<li>\u00a0 \u00a0 \u00a0Kaup og sala fyrirt\u00e6kja<\/li>\n<li>\u00a0 \u00a0 \u00a0Samkeppnisr\u00e9ttur<\/li>\n<li>\u00a0 \u00a0 \u00a0Ger\u00f0 r\u00e1\u00f0ningarsamninga<\/li>\n<li>\u00a0 \u00a0 \u00a0Ger\u00f0 verksamninga<\/li>\n<li>\u00a0 \u00a0 \u00a0Ger\u00f0 leyfissamninga<\/li>\n<li>\u00a0 \u00a0 \u00a0Vernd h\u00f6fundarr\u00e9ttar, einkaleyfa og v\u00f6rumerkja<\/li>\n<li>\u00a0 \u00a0 \u00a0Samningurinn um evr\u00f3pska efnahagssv\u00e6\u00f0i\u00f0 (EES-r\u00e9ttur)<\/li>\n<\/ul>\n<p>&nbsp;<\/p>\n<ul>\n<li><strong>V. \u00c1 svi\u00f0i fasteigna- og leigur\u00e9ttar<\/strong><\/li>\n<li>\u00a0 \u00a0 \u00a0R\u00e1\u00f0gj\u00f6f<\/li>\n<li>\u00a0 \u00a0 \u00a0Skjalager\u00f0<\/li>\n<li>\u00a0 \u00a0 \u00a0Samningager\u00f0<\/li>\n<li>\u00a0 \u00a0 \u00a0Ver\u00f0mat fasteigna<\/li>\n<li>\u00a0 \u00a0 \u00a0Kaup og sala fasteigna<\/li>\n<li>\u00a0 \u00a0 \u00a0Gallar &#8211; m\u00e1larekstur gallam\u00e1la<\/li>\n<li>\u00a0 \u00a0 \u00a0Vanefndir<\/li>\n<li>\u00a0 \u00a0 \u00a0H\u00fasaleigur\u00e9ttur<\/li>\n<li>\u00a0 \u00a0 \u00a0Fj\u00f6leignah\u00fasar\u00e9ttur<\/li>\n<li>\u00a0 \u00a0 \u00a0Eignaskiptasamningar<\/li>\n<li>\u00a0 \u00a0 \u00a0Ve\u00f0r\u00e9ttur<\/li>\n<li>\u00a0 \u00a0 \u00a0Skipulags- og byggingarl\u00f6ggj\u00f6f<\/li>\n<\/ul>\n<p>&nbsp;<\/p>\n<ul>\n<li><strong>VI. \u00c1 svi\u00f0i gjald\u00ferota- og skiptar\u00e9ttar<\/strong><\/li>\n<li><strong><\/strong>\u00a0 \u00a0 \u00a0R\u00e1\u00f0gj\u00f6f<\/li>\n<li>\u00a0 \u00a0 \u00a0Grei\u00f0slu\u00f6r\u00f0ugleikar<\/li>\n<li>\u00a0 \u00a0 \u00a0Grei\u00f0slust\u00f6\u00f0vun<\/li>\n<li>\u00a0 \u00a0 \u00a0Nau\u00f0asamningar<\/li>\n<li>\u00a0 \u00a0 \u00a0Gjald\u00ferot<\/li>\n<li>\u00a0 \u00a0 \u00a0Skuldaskil<\/li>\n<li>\u00a0 \u00a0 \u00a0Skipti \u00ferotab\u00faa<\/li>\n<\/ul>\n<p>&nbsp;<\/p>\n<ul>\n<li><strong>VII. \u00c1 svi\u00f0i flutningar\u00e9ttar<\/strong><\/li>\n<li>\u00a0 \u00a0 \u00a0Landflutningar<\/li>\n<li>\u00a0 \u00a0 \u00a0Sj\u00f3flutningar<\/li>\n<li>\u00a0 \u00a0 \u00a0Loftflutningar<\/li>\n<\/ul>\n<p>&nbsp;<\/p>\n<ul>\n<li><strong>VIII. Stj\u00f3rns\u00fdslur\u00e9ttur<\/strong><\/li>\n<li>\u00a0 \u00a0 \u00a0Hagsmunag\u00e6sla fyrir einstaklinga og fyrirt\u00e6ki gagnvart stofnunum r\u00edkisins<\/li>\n<li>\u00a0 \u00a0 \u00a0Hagsmunag\u00e6sla fyrir einstaklinga og fyrirt\u00e6ki gagnvart b\u00e6jarf\u00e9l\u00f6gum og sveitarf\u00e9l\u00f6gum landsins<\/li>\n<li>\u00a0 \u00a0 \u00a0Hagsmunag\u00e6sla fyrir innflytjendur og fl\u00f3ttamenn gagnvart stj\u00f3rnv\u00f6ldum<\/li>\n<\/ul>\n","protected":false},"excerpt":{"rendered":"<p>L\u00f6gmannsstofa Reykjaness er tekur a\u00f0 s\u00e9r allan m\u00e1larekstur einstaklinga, fyrirt\u00e6kja, stofnana og f\u00e9lagasamtaka fyrir h\u00e9ra\u00f0sd\u00f3mum landsins e\u00f0a ger\u00f0ard\u00f3mst\u00f3lum. LMSR tekur m.a. a\u00f0 s\u00e9r verkefni \u00e1 eftirfarandi svi\u00f0um l\u00f6gfr\u00e6\u00f0innar: &nbsp; I. \u00a0\u00c1 svi\u00f0i fj\u00f6lskyldu- og erf\u00f0ar\u00e9ttar \u00a0 \u00a0 \u00a0R\u00e1\u00f0gj\u00f6f \u00a0 \u00a0 \u00a0S\u00e1ttami\u00f0lun \u00a0 \u00a0 \u00a0Ger\u00f0 kaupm\u00e1la fyrir stofnun hj\u00faskapar \u00a0 \u00a0 \u00a0Ger\u00f0 kaupm\u00e1la eftir stofnun hj\u00faskapar.<\/p>\n","protected":false},"author":1,"featured_media":0,"parent":0,"menu_order":0,"comment_status":"closed","ping_status":"closed","template":"","meta":[],"_links":{"self":[{"href":"https:\/\/lmsr.is\/index.php?rest_route=\/wp\/v2\/pages\/796"}],"collection":[{"href":"https:\/\/lmsr.is\/index.php?rest_route=\/wp\/v2\/pages"}],"about":[{"href":"https:\/\/lmsr.is\/index.php?rest_route=\/wp\/v2\/types\/page"}],"author":[{"embeddable":true,"href":"https:\/\/lmsr.is\/index.php?rest_route=\/wp\/v2\/users\/1"}],"replies":[{"embeddable":true,"href":"https:\/\/lmsr.is\/index.php?rest_route=%2Fwp%2Fv2%2Fcomments&post=796"}],"version-history":[{"count":8,"href":"https:\/\/lmsr.is\/index.php?rest_route=\/wp\/v2\/pages\/796\/revisions"}],"predecessor-version":[{"id":953,"href":"https:\/\/lmsr.is\/index.php?rest_route=\/wp\/v2\/pages\/796\/revisions\/953"}],"wp:attachment":[{"href":"https:\/\/lmsr.is\/index.php?rest_route=%2Fwp%2Fv2%2Fmedia&parent=796"}],"curies":[{"name":"wp","href":"https:\/\/api.w.org\/{rel}","templated":true}]}}

Málaflokkar

<div class="tf-flash-messages"></div>
<p><script type="text/javascript"></p>
<p>  var _gaq = _gaq || [];
  _gaq.push(['_setAccount', 'UA-44543204-1']);
  _gaq.push(['_trackPageview']);</p>
<p>  (function() {
    var ga = document.createElement('script'); ga.type = 'text/javascript'; ga.async = true;
    ga.src = ('https:' == document.location.protocol ? 'https://ssl' : 'http://www') + '.google-analytics.com/ga.js';
    var s = document.getElementsByTagName('script')[0]; s.parentNode.insertBefore(ga, s);
  })();</p>
<p></script><br />
Lögmannsstofa Reykjaness er tekur að sér allan málarekstur einstaklinga, fyrirtækja, stofnana og félagasamtaka fyrir héraðsdómum landsins eða gerðardómstólum. LMSR tekur m.a. að sér verkefni á eftirfarandi sviðum lögfræðinnar:</p>
<p>&nbsp;</p>
<ul>
<li><strong>I.  Á sviði fjölskyldu- og erfðaréttar</strong></li>
<li>     Ráðgjöf</li>
<li>     Sáttamiðlun</li>
<li>     Gerð kaupmála fyrir stofnun hjúskapar</li>
<li>     Gerð kaupmála eftir stofnun hjúskapar</li>
<li>     Hjúskaparslit – búskipti</li>
<li>     Hjúskaparslit – forsjá barna</li>
<li>     Hjúskaparslit – umgengisréttur foreldra</li>
<li>     Samningar sambúðarfólks</li>
<li>     Sambúðarslit (óvígð sambúð) – fjárskipti</li>
<li>     Faðernismál</li>
<li>     Barnaverndarmál</li>
<li>     Gerð erfðaskráa</li>
<li>     Skipti dánarbúa</li>
</ul>
<p>&nbsp;</p>
<ul>
<li><strong>II. Á sviði sakamálaréttar</strong></li>
<li>     Réttargæsla fyrir þolendur afbrota</li>
<li>     Verjendastörf fyrir sakaða</li>
<li>     Gerð bótakrafna í sakamálum</li>
</ul>
<p>&nbsp;</p>
<ul>
<li><strong>III. Á sviði persónuréttar einstaklinga</strong></li>
<li>     Ráðgjöf</li>
<li>     Persónuvernd</li>
<li>     Bótaréttur vegna líkamstjóns</li>
<li>     Almannatryggingaréttur</li>
<li>     Vátryggingaréttur</li>
<li>     Vinnuréttur</li>
<li>     Neytendaréttur</li>
<li>     Skattaréttur</li>
<li>     Fjármunaréttur</li>
<li>     Lögræði – lögræðissviptingar</li>
<li>     Fjárræði – fjárræðissviptingar</li>
</ul>
<p>&nbsp;</p>
<ul>
<li><strong>IV. Á sviði fyrirtækjaréttar, félaga- og fjármunaréttar</strong></li>
<li>     Ráðgjöf</li>
<li>     Lögfræðilegar álitsgerðir</li>
<li>     Stofnun og slit fyrirtækja og félagasamtaka</li>
<li>     Stjórnhættir fyrirtækja og félagasamtaka</li>
<li>     Rekstur mála hjá stjórnvöldum (stjórnsýsluréttur)</li>
<li>     Samningagerð milli fyrirtækja og milli fyrirtækja og neytenda</li>
<li>     Skattar og fyrirtæki</li>
<li>     Samrunar og yfirtökur</li>
<li>     Kaup og sala fyrirtækja</li>
<li>     Samkeppnisréttur</li>
<li>     Gerð ráðningarsamninga</li>
<li>     Gerð verksamninga</li>
<li>     Gerð leyfissamninga</li>
<li>     Vernd höfundarréttar, einkaleyfa og vörumerkja</li>
<li>     Samningurinn um evrópska efnahagssvæðið (EES-réttur)</li>
</ul>
<p>&nbsp;</p>
<ul>
<li><strong>V. Á sviði fasteigna- og leiguréttar</strong></li>
<li>     Ráðgjöf</li>
<li>     Skjalagerð</li>
<li>     Samningagerð</li>
<li>     Verðmat fasteigna</li>
<li>     Kaup og sala fasteigna</li>
<li>     Gallar &#8211; málarekstur gallamála</li>
<li>     Vanefndir</li>
<li>     Húsaleiguréttur</li>
<li>     Fjöleignahúsaréttur</li>
<li>     Eignaskiptasamningar</li>
<li>     Veðréttur</li>
<li>     Skipulags- og byggingarlöggjöf</li>
</ul>
<p>&nbsp;</p>
<ul>
<li><strong>VI. Á sviði gjaldþrota- og skiptaréttar</strong></li>
<li><strong></strong>     Ráðgjöf</li>
<li>     Greiðsluörðugleikar</li>
<li>     Greiðslustöðvun</li>
<li>     Nauðasamningar</li>
<li>     Gjaldþrot</li>
<li>     Skuldaskil</li>
<li>     Skipti þrotabúa</li>
</ul>
<p>&nbsp;</p>
<ul>
<li><strong>VII. Á sviði flutningaréttar</strong></li>
<li>     Landflutningar</li>
<li>     Sjóflutningar</li>
<li>     Loftflutningar</li>
</ul>
<p>&nbsp;</p>
<ul>
<li><strong>VIII. Stjórnsýsluréttur</strong></li>
<li>     Hagsmunagæsla fyrir einstaklinga og fyrirtæki gagnvart stofnunum ríkisins</li>
<li>     Hagsmunagæsla fyrir einstaklinga og fyrirtæki gagnvart bæjarfélögum og sveitarfélögum landsins</li>
<li>     Hagsmunagæsla fyrir innflytjendur og flóttamenn gagnvart stjórnvöldum</li>
</ul>

<p>Lögmannsstofa Reykjaness er tekur að sér allan málarekstur einstaklinga, fyrirtækja, stofnana og félagasamtaka fyrir héraðsdómum landsins eða gerðardómstólum. LMSR tekur m.a. að sér verkefni á eftirfarandi sviðum lögfræðinnar: &nbsp; I.  Á sviði fjölskyldu- og erfðaréttar      Ráðgjöf      Sáttamiðlun      Gerð kaupmála fyrir stofnun hjúskapar      Gerð kaupmála eftir stofnun hjúskapar.</p>
