{"id":811,"date":"2013-08-21T20:51:21","date_gmt":"2013-08-21T20:51:21","guid":{"rendered":"https:\/\/lmsr.is\/?page_id=811"},"modified":"2013-10-02T11:38:23","modified_gmt":"2013-10-02T11:38:23","slug":"hugmyndafraedi-lmsr","status":"publish","type":"page","link":"https:\/\/lmsr.is\/?page_id=811","title":{"rendered":"Hugmyndafr\u00e6\u00f0i LMSR"},"content":{"rendered":"<div class=\"tf-flash-messages\"><\/div>\n<p><script type=\"text\/javascript\"><\/p>\n<p>  var _gaq = _gaq || [];\n  _gaq.push(['_setAccount', 'UA-44543204-1']);\n  _gaq.push(['_trackPageview']);<\/p>\n<p>  (function() {\n    var ga = document.createElement('script'); ga.type = 'text\/javascript'; ga.async = true;\n    ga.src = ('https:' == document.location.protocol ? 'https:\/\/ssl' : 'http:\/\/www') + '.google-analytics.com\/ga.js';\n    var s = document.getElementsByTagName('script')[0]; s.parentNode.insertBefore(ga, s);\n  })();<\/p>\n<p><\/script><br \/>\nA\u00f0 mati LMSR dugir landsm\u00f6nnum ekki lengur hef\u00f0bundi\u00f0 \u201e<em>r\u00e9tt<\/em>\u201c og \u201e<em>rangt<\/em>\u201c si\u00f0fer\u00f0ishugmyndafr\u00e6\u00f0i eldri kynsl\u00f3\u00f0a. Hinum almenna borgara \u00feessa lands er nau\u00f0synlegt a\u00f0 kynna s\u00e9r \u00fea\u00f0 lagaumhverfi sem hann b\u00fdr vi\u00f0, vita hverjar eru skyldur hans og hver r\u00e9ttindin, ekki bara hafa \u00f3lj\u00f3sa hugmynd um \u00fea\u00f0 \u00ed kollinum.  Greinarg\u00f3\u00f0ra uppl\u00fdsinga \u00e1 mannam\u00e1li er oft erfitt a\u00f0 afla.  Fr\u00e1 v\u00f6ggu til grafar stj\u00f3rnast l\u00edf okkar af si\u00f0a- og lagareglum samf\u00e9lagsins, oftast \u00e1n \u00feess a\u00f0 veitum \u00fev\u00ed s\u00e9rstaka eftirtekt. \u00dea\u00f0 er \u00ed flestum tilfellum a\u00f0eins \u00feegar einhver \u201e<em>hindrun<\/em>\u201c ver\u00f0ur \u00ed vegi okkar a\u00f0 vi\u00f0 veltum fyrir okkur lagaumhverfinu. \u00dev\u00ed mi\u00f0ur er \u00fe\u00e1 ansi oft of seint \u00ed rassinn gripi\u00f0 og \u00ed \u00feeirri st\u00f6\u00f0u gildir tv\u00edm\u00e6lalaust hi\u00f0 almenna vi\u00f0kv\u00e6\u00f0i \u00cdslendinga \u00feegar \u00feeir m\u00e6ta \u201e<em>kerfinu<\/em>\u201c. \u00deeir segja \u201e<em>\u00deetta kerfi er n\u00fa alveg gali\u00f0. L\u00f6gin eru vitlaus, r\u00edki\u00f0 starfar eftir ge\u00f0\u00fe\u00f3tta og l\u00f6greglan bakkar \u00fea\u00f0 upp. \u00c9g l\u00e6t \u00feetta bara yfir mig ganga enda \u00e1 \u00e9g ekki s\u00e9ns.<\/em>\u201c<\/p>\n<p>\nStarfsmenn LMSR munu reyna eftir m\u00e6tti a\u00f0 uppfr\u00e6\u00f0a vi\u00f0skiptavini \u00e1 sama t\u00edma og \u00feeim er veitt r\u00e1\u00f0gj\u00f6f, a\u00f0 efla vi\u00f0skiptavini \u00ed \u00fev\u00ed a\u00f0 kynna s\u00e9r \u00fe\u00e1 lagalega st\u00f6\u00f0u sem \u00feeir eru komnir \u00ed e\u00f0a stefna a\u00f0. LMSR l\u00edtur svo \u00e1 a\u00f0 \u201e<em>fr\u00f3\u00f0ari og f\u00e6rari vi\u00f0skiptavinir<\/em>\u201c \u00fe\u00fd\u00f0i ekki a\u00f0 l\u00f6gmannss\u00fej\u00f3nusta ver\u00f0i \u00feeim \u00f3nau\u00f0synlegt heldur a\u00f0eins a\u00f0 vi\u00f0komandi ver\u00f0i \u201e<em>betri vi\u00f0skiptavinir<\/em>\u201c, \u00fe.e. leysi s\u00edn m\u00e1l \u00e1\u00f0ur en \u00feau ver\u00f0a komin \u00ed hn\u00fat.<\/p>\n<p>\n LMSR hyggst hasla s\u00e9r v\u00f6ll \u00e1 landsbygg\u00f0inni, s\u00e9rstaklega \u00e1 Su\u00f0urnesjum og hafa a\u00f0 grunnmarkmi\u00f0i fyrstu grein si\u00f0areglna l\u00f6gmanna en \u00fear segir \u201e<em>L\u00f6gmanni ber a\u00f0 efla r\u00e9tt og hrinda \u00f3r\u00e9tti. Skal l\u00f6gma\u00f0ur svo til allra m\u00e1la leggja, sem hann veit sannast eftir l\u00f6gum og sinni samvisku.<\/em>\u201c <\/p>\n","protected":false},"excerpt":{"rendered":"<p>A\u00f0 mati LMSR dugir landsm\u00f6nnum ekki lengur hef\u00f0bundi\u00f0 \u201er\u00e9tt\u201c og \u201erangt\u201c si\u00f0fer\u00f0ishugmyndafr\u00e6\u00f0i eldri kynsl\u00f3\u00f0a. Hinum almenna borgara \u00feessa lands er nau\u00f0synlegt a\u00f0 kynna s\u00e9r \u00fea\u00f0 lagaumhverfi sem hann b\u00fdr vi\u00f0, vita hverjar eru skyldur hans og hver r\u00e9ttindin, ekki bara hafa \u00f3lj\u00f3sa hugmynd um \u00fea\u00f0 \u00ed kollinum. Greinarg\u00f3\u00f0ra uppl\u00fdsinga \u00e1 mannam\u00e1li er oft erfitt a\u00f0.<\/p>\n","protected":false},"author":1,"featured_media":0,"parent":0,"menu_order":0,"comment_status":"closed","ping_status":"closed","template":"","meta":[],"_links":{"self":[{"href":"https:\/\/lmsr.is\/index.php?rest_route=\/wp\/v2\/pages\/811"}],"collection":[{"href":"https:\/\/lmsr.is\/index.php?rest_route=\/wp\/v2\/pages"}],"about":[{"href":"https:\/\/lmsr.is\/index.php?rest_route=\/wp\/v2\/types\/page"}],"author":[{"embeddable":true,"href":"https:\/\/lmsr.is\/index.php?rest_route=\/wp\/v2\/users\/1"}],"replies":[{"embeddable":true,"href":"https:\/\/lmsr.is\/index.php?rest_route=%2Fwp%2Fv2%2Fcomments&post=811"}],"version-history":[{"count":2,"href":"https:\/\/lmsr.is\/index.php?rest_route=\/wp\/v2\/pages\/811\/revisions"}],"predecessor-version":[{"id":949,"href":"https:\/\/lmsr.is\/index.php?rest_route=\/wp\/v2\/pages\/811\/revisions\/949"}],"wp:attachment":[{"href":"https:\/\/lmsr.is\/index.php?rest_route=%2Fwp%2Fv2%2Fmedia&parent=811"}],"curies":[{"name":"wp","href":"https:\/\/api.w.org\/{rel}","templated":true}]}}