{"id":852,"date":"2013-08-23T09:54:53","date_gmt":"2013-08-23T09:54:53","guid":{"rendered":"https:\/\/lmsr.is\/?page_id=852"},"modified":"2015-05-14T11:44:48","modified_gmt":"2015-05-14T11:44:48","slug":"johannes-albert-kristbjornsson","status":"publish","type":"page","link":"https:\/\/lmsr.is\/?page_id=852","title":{"rendered":"J\u00f3hannes Albert Kristbj\u00f6rnsson"},"content":{"rendered":"<div class=\"tf-flash-messages\"><\/div>\n<p><script type=\"text\/javascript\">\/\/ <![CDATA[\nvar _gaq = _gaq || [];   _gaq.push(['_setAccount', 'UA-44543204-1']);   _gaq.push(['_trackPageview']);   (function() {     var ga = document.createElement('script'); ga.type = 'text\/javascript'; ga.async = true;     ga.src = ('https:' == document.location.protocol ? 'https:\/\/ssl' : 'http:\/\/www') + '.google-analytics.com\/ga.js';     var s = document.getElementsByTagName('script')[0]; s.parentNode.insertBefore(ga, s);   })();\n\/\/ ]]><\/script><\/p>\n<div id=\"shortcode-hcard-vcard-widget-\" class=\"widget hcard-vcard-generator-widget vcard\">\n<h2 class=\"hcard-vcard-title\">J\u00f3hannes Albert Kristbj\u00f6rnsson<\/h2>\n<div><img src=\"https:\/\/lmsr.is\/wp-content\/uploads\/2013\/07\/jak-150x150.jpg\" class=\"photo fn\" alt=\"J\u00f3hannes Albert Kristbj\u00f6rnsson\" \/><\/p>\n<div class=\"fn\">J\u00f3hannes Albert Kristbj\u00f6rnsson<\/div>\n<div class=\"title\">H\u00e9ra\u00f0sd\u00f3msl\u00f6gma\u00f0ur<\/div>\n<div class=\"org url\">\n\t\t\t\t<a href=\"http:\/\/www.lmsr.is\">L\u00f6gmannsstofa Reykjaness<\/a><\/div>\n<div class=\"adr\">\n<div class=\"street-address\">Hafnarg\u00f6tu 35<\/div>\n<p>\t\t\t\t\t<span class=\"locality\">230 Reykjanesb\u00e6<\/span>,<br \/>\n\t\t\t\t\t<span class=\"region\">Iceland<\/span><br \/>\n\t\t\t\t\t<span class=\"postal-code\"><\/span> <\/p>\n<div class=\"country-name\"><\/div>\n<\/p><\/div>\n<div class=\"tel\"><span class=\"type work\">Phone: <\/span> 415-0661<\/div>\n<div class=\"tel\"><span class=\"type cell\">Mobile: <\/span> 699-4971<\/div>\n<div class=\"email\"><a href=\"mailto:jak@lmsr.is\">jak@lmsr.is<\/a><\/div>\n<div class=\"vcard_button\">\n\t\t\t\t\t<a href=\"https:\/\/lmsr.is\/wp-content\/uploads\/jak.vcf\">vCard<\/a>\n\t\t\t\t<\/div>\n<\/div><\/div>\n<p><a title=\"vCard\" href=\"wp-content\/uploads\/jak.vcf\" target=\"_blank\"><img decoding=\"async\" loading=\"lazy\" alt=\"vCard\" src=\"https:\/\/lmsr.is\/wp-content\/uploads\/2013\/10\/vcard.jpg\" width=\"60\" height=\"60\" \/><\/a><\/p>\n<p>J\u00f3hannes Albert lauk fullna\u00f0arpr\u00f3fi \u00ed l\u00f6gfr\u00e6\u00f0i fr\u00e1 lagadeild H\u00e1sk\u00f3lans \u00ed Reykjav\u00edk 2012 og \u00f6\u00f0la\u00f0ist m\u00e1lflutningsr\u00e9ttindi fyrir h\u00e9ra\u00f0sd\u00f3mi vori\u00f0 2013.<\/p>\n<p>J\u00f3hannes er Su\u00f0urnesjama\u00f0ur, f\u00e6ddur 20. desember 1965, og \u00e1 a\u00f0 baki margv\u00edsleg st\u00f6rf og mikla reynslu \u00e1\u00f0ur en \u00e1hugi vakna\u00f0i \u00e1 \u00fev\u00ed a\u00f0 lei\u00f0beina og a\u00f0sto\u00f0a f\u00f3lk og fyrirt\u00e6ki vi\u00f0 a\u00f0 leita r\u00e9ttar s\u00edns \u00e1 svi\u00f0i l\u00f6gfr\u00e6\u00f0i.<\/p>\n<p><strong>Reynsluheimur:<\/strong><br \/>\nJ\u00f3hannes hefur starfa\u00f0 vi\u00f0 almenn verkamannast\u00f6rf \u00ed fiskvinnslu og byggingarstarfsemi. Hann hefur einnig starfa\u00f0 sem lei\u00f0beinandi \u00ed grunnsk\u00f3la, sem gjaldkeri \u00ed banka, vi\u00f0 hugb\u00fana\u00f0arger\u00f0 og sem bla\u00f0ama\u00f0ur.<br \/>\n\u00deyngst vegur margv\u00edsleg starfsreynsla hans innan l\u00f6greglunnar \u00e1 \u00cdslandi en hann hefur komi\u00f0 a\u00f0 l\u00f6greglust\u00f6rfum, me\u00f0 reglubundnum hl\u00e9um, fr\u00e1 \u00e1rinu 1986 til \u00e1rsins 2010.<br \/>\nJ\u00f3hannes hefur starfa\u00f0 vi\u00f0 almenn l\u00f6greglust\u00f6rf, vi\u00f0 landam\u00e6rag\u00e6slu og haft umsj\u00f3n me\u00f0 leyfisveitingum og forvarnarst\u00f6rfum. \u00de\u00e1 hefur hann starfa\u00f0 vi\u00f0 ranns\u00f3knir eignaspjalla- og \u00fej\u00f3fna\u00f0arbrota, ofbeldis- og kynfer\u00f0isbrota. Ennfremur hefur hann komi\u00f0 a\u00f0 ranns\u00f3knum einfaldra sem fl\u00f3kinna fj\u00e1rmunabrota \u00fe.m.t. skattabrota en hann starfa\u00f0i m.a. um eins \u00e1rs skei\u00f0 hj\u00e1 Efnahagsbrotadeild R\u00edkisl\u00f6greglustj\u00f3ra.<\/p>\n<p><strong>Menntun:<\/strong><br \/>\n\u2022 H\u00e9ra\u00f0sd\u00f3msl\u00f6gma\u00f0ur (hdl) ma\u00ed 2013.<br \/>\n\u2022 Meistaran\u00e1m (M.L) \u00ed l\u00f6gfr\u00e6\u00f0i fr\u00e1 H\u00e1sk\u00f3lanum \u00ed Reykjav\u00edk 2012.<br \/>\n\u2022 L\u00f6gfr\u00e6\u00f0ingur (B.A) fr\u00e1 H\u00e1sk\u00f3lanum \u00ed Reykjav\u00edk, \u00feann 19. j\u00fan\u00ed 2010.<br \/>\n\u2022 Ranns\u00f3knarl\u00f6gregluma\u00f0ur (RLMI) fr\u00e1 L\u00f6greglusk\u00f3la r\u00edkisins, \u00feann 24. n\u00f3vember 2006<br \/>\n\u2022 Lauk n\u00e1mi \u00ed kerfisfr\u00e6\u00f0i og forritun fr\u00e1 N\u00fdja t\u00f6lvu- og vi\u00f0skiptask\u00f3lanum \u00ed Hafnarfir\u00f0i, 2000.<br \/>\n\u2022 N\u00e1mskei\u00f0 \u00ed ranns\u00f3knum efnahagsbrota hj\u00e1 Efnahagsbrotadeild R\u00edkisl\u00f6greglustj\u00f3ra, 1998.<br \/>\n\u2022 \u00datskrifa\u00f0ist sem almennur l\u00f6greglu\u00fej\u00f3nn fr\u00e1 L\u00f6greglusk\u00f3la r\u00edkisins, \u00feann 27. ma\u00ed 1993.<br \/>\n\u2022 Lauk n\u00e1mi me\u00f0 High School Dimploma fr\u00e1 Northern York High School \u00ed Pennsylvaniu \u00ed Bandar\u00edkjum Nor\u00f0ur-Amer\u00edku, 1985.<br \/>\n\u2022 Lauk Verslunarpr\u00f3fi fr\u00e1 Verslunarsk\u00f3la \u00cdslands, 1983.<\/p>\n<p><strong>\u00c1hugasvi\u00f0 innan l\u00f6gfr\u00e6\u00f0innar:<\/strong><br \/>\nJ\u00f3hannes er fyrst og fremst \u00e1hugama\u00f0ur um mannlegt e\u00f0li og \u00fev\u00ed e\u00f0lilegt a\u00f0 samskipti manna og fyrirt\u00e6kja innbyr\u00f0is sem og samskipti \u00feessara s\u00f6mu a\u00f0ila vi\u00f0 fj\u00e1rm\u00e1lafyrirt\u00e6ki, v\u00e1tryggingaf\u00e9l\u00f6g, stofnanir r\u00edkisins og refsiv\u00f6rslukerfi\u00f0 s\u00e9u honum helst hugleikin. Segja m\u00e1 \u00fev\u00ed a\u00f0 ekkert r\u00e9ttarsvi\u00f0 s\u00e9 undanskili\u00f0 en \u00e1 l\u00f6gfr\u00e6\u00f0im\u00e1li m\u00e6tti telja sifja- og erf\u00f0ar\u00e9tt, eignar\u00e9tt, b\u00f3tar\u00e9tt, vinnur\u00e9tt, f\u00e9lagar\u00e9tt, stj\u00f3rns\u00fdslur\u00e9tt og refsir\u00e9tt a\u00f0 \u00f3gleymdum \u00f3umfl\u00fdjanlegum og s\u00edbreytilegum skattar\u00e9ttinum, sem hans helstu \u00e1hugsvi\u00f0.<\/p>\n<p><strong>F\u00e9lagslega hli\u00f0in:<\/strong><br \/>\nJ\u00f3hannes er mikill \u00e1hugama\u00f0ur um heilsu og \u00ed\u00fer\u00f3ttir. Hann stunda\u00f0i um \u00e1rabil k\u00f6rfuknattleik \u00ed efstu deild \u00e1 \u00cdslandi, af mikilli gle\u00f0i og me\u00f0 \u00e1g\u00e6tis \u00e1rangri. L\u00e9k hann st\u00e6rstan hluta ferilsins me\u00f0 sigurs\u00e6lu li\u00f0i Njar\u00f0v\u00edkur en einnig l\u00e9k hann me\u00f0 KR og Grindav\u00edk.<\/p>\n","protected":false},"excerpt":{"rendered":"<p>J\u00f3hannes Albert lauk fullna\u00f0arpr\u00f3fi \u00ed l\u00f6gfr\u00e6\u00f0i fr\u00e1 lagadeild H\u00e1sk\u00f3lans \u00ed Reykjav\u00edk 2012 og \u00f6\u00f0la\u00f0ist m\u00e1lflutningsr\u00e9ttindi fyrir h\u00e9ra\u00f0sd\u00f3mi vori\u00f0 2013. J\u00f3hannes er Su\u00f0urnesjama\u00f0ur, f\u00e6ddur 20. desember 1965, og \u00e1 a\u00f0 baki margv\u00edsleg st\u00f6rf og mikla reynslu \u00e1\u00f0ur en \u00e1hugi vakna\u00f0i \u00e1 \u00fev\u00ed a\u00f0 lei\u00f0beina og a\u00f0sto\u00f0a f\u00f3lk og fyrirt\u00e6ki vi\u00f0 a\u00f0 leita r\u00e9ttar s\u00edns \u00e1 svi\u00f0i.<\/p>\n","protected":false},"author":1,"featured_media":0,"parent":0,"menu_order":0,"comment_status":"closed","ping_status":"closed","template":"","meta":[],"_links":{"self":[{"href":"https:\/\/lmsr.is\/index.php?rest_route=\/wp\/v2\/pages\/852"}],"collection":[{"href":"https:\/\/lmsr.is\/index.php?rest_route=\/wp\/v2\/pages"}],"about":[{"href":"https:\/\/lmsr.is\/index.php?rest_route=\/wp\/v2\/types\/page"}],"author":[{"embeddable":true,"href":"https:\/\/lmsr.is\/index.php?rest_route=\/wp\/v2\/users\/1"}],"replies":[{"embeddable":true,"href":"https:\/\/lmsr.is\/index.php?rest_route=%2Fwp%2Fv2%2Fcomments&post=852"}],"version-history":[{"count":16,"href":"https:\/\/lmsr.is\/index.php?rest_route=\/wp\/v2\/pages\/852\/revisions"}],"predecessor-version":[{"id":1002,"href":"https:\/\/lmsr.is\/index.php?rest_route=\/wp\/v2\/pages\/852\/revisions\/1002"}],"wp:attachment":[{"href":"https:\/\/lmsr.is\/index.php?rest_route=%2Fwp%2Fv2%2Fmedia&parent=852"}],"curies":[{"name":"wp","href":"https:\/\/api.w.org\/{rel}","templated":true}]}}